factors of 1558.
2, 19, 41
What are the prime factors of 6002?
2, 3001
What are the prime factors of 1013?
1013
What are the prime factors of 7615?
5, 1523
What are the prime factors of 2169?
3, 241
List the prime factors of 9593.
53, 181
List the prime factors of 15714.
2, 3, 97
List the prime factors of 5684.
2, 7, 29
List the prime factors of 723.
3, 241
List the prime factors of 2188.
2, 547
List the prime factors of 6884.
2, 1721
List the prime factors of 12653.
12653
What are the prime factors of 16741?
16741
What are the prime factors of 38161?
31, 1231
What are the prime factors of 566?
2, 283
List the prime factors of 78208.
2, 13, 47
List the prime factors of 2646.
2, 3, 7
List the prime factors of 5224.
2, 653
List the prime factors of 81117.
3, 9013
What are the prime factors of 25385?
5, 5077
List the prime factors of 49492.
2, 12373
List the prime factors of 49024.
2, 383
What are the prime factors of 89225?
5, 43, 83
What are the prime factors of 45511?
71, 641
List the prime factors of 2574.
2, 3, 11, 13
List the prime factors of 8431.
8431
What are the prime factors of 169?
13
List the prime factors of 13391.
7, 1913
List the prime factors of 2862.
2, 3, 53
What are the prime factors of 17430?
2, 3, 5, 7, 83
List the prime factors of 23714.
2, 71, 167
List the prime factors of 7761.
3, 13, 199
List the prime factors of 3612.
2, 3, 7, 43
List the prime factors of 157.
157
What are the prime factors of 11546?
2, 23, 251
What are the prime factors of 199?
199
What are the prime factors of 21337?
19, 1123
List the prime factors of 110992.
2, 7, 991
List the prime factors of 43308.
2, 3, 401
What are the prime factors of 3256?
2, 11, 37
What are the prime factors of 4354?
2, 7, 311
List the prime factors of 145.
5, 29
What are the prime factors of 26608?
2, 1663
What are the prime factors of 11374?
2, 11, 47
List the prime factors of 26473.
23, 1151
List the prime factors of 7321.
7321
List the prime factors of 16771.
31, 541
What are the prime factors of 31154?
2, 37, 421
List the prime factors of 53.
53
What are the prime factors of 3688?
2, 461
What are the prime factors of 8556?
2, 3, 23, 31
What are the prime factors of 4717?
53, 89
What are the prime factors of 4825?
5, 193
What are the prime factors of 1735?
5, 347
What are the prime factors of 16735?
5, 3347
List the prime factors of 41.
41
What are the prime factors of 10792?
2, 19, 71
List the prime factors of 139838.
2, 29, 2411
List the prime factors of 8848.
2, 7, 79
List the prime factors of 27208.
2, 19, 179
What are the prime factors of 2776?
2, 347
What are the prime factors of 66327?
3, 22109
List the prime factors of 28564.
2, 37, 193
What are the prime factors of 2439?
3, 271
List the prime factors of 1319.
1319
What are the prime factors of 257?
257
List the prime factors of 240.
2, 3, 5
What are the prime factors of 149102?
2, 74551
List the prime factors of 209383.
37, 5659
List the prime factors of 8562.
2, 3, 1427
What are the prime factors of 13087?
23, 569
List the prime factors of 1043.
7, 149
List the prime factors of 1062.
2, 3, 59
List the prime factors of 8492.
2, 11, 193
What are the prime factors of 12379?
12379
What are the prime factors of 36737?
17, 2161
What are the prime factors of 30394?
2, 7, 13, 167
List the prime factors of 4008.
2, 3, 167
What are the prime factors of 2071?
19, 109
What are the prime factors of 2907?
3, 17, 19
What are the prime factors of 3198?
2, 3, 13, 41
What are the prime factors of 728?
2, 7, 13
What are the prime factors of 17537?
13, 19, 71
List the prime factors of 1498.
2, 7, 107
List the prime factors of 2823.
3, 941
List the prime factors of 248.
2, 31
List the prime factors of 6707.
19, 353
List the prime factors of 1117.
1117
What are the prime factors of 883?
883
List the prime factors of 2495.
5, 499
What are the prime factors of 1928?
2, 241
What are the prime factors of 9009?
3, 7, 11, 13
What are the prime factors of 51310?
2, 5, 7, 733
What are the prime factors of 33669?
3, 29, 43
List the prime factors of 16298.
2, 29, 281
List the prime factors of 1880.
2, 5, 47
List the prime factors of 14444.
2, 23, 157
What are the prime factors of 2831?
19, 149
List the prime factors of 107604.
2, 3, 7, 61
What are the prime factors of 17135?
5, 23, 149
What are the prime factors of 84378?
2, 3, 7, 41
What are the prime factors of 1435?
5, 7, 41
What are the prime factors of 1421?
7, 29
What are the prime factors of 1262?
2, 631
List the prime factors of 348.
2, 3, 29
What are the prime factors of 46160?
2, 5, 577
What are the prime factors of 9816?
2, 3, 409
List the prime factors of 9775.
5, 17, 23
List the prime factors of 19152.
2, 3, 7, 19
List the prime factors of 1542.
2, 3, 257
What are the prime factors of 1012?
2, 11, 23
List the prime factors of 1199.
11, 109
List the prime factors of 165.
3, 5, 11
What are the prime factors of 7515?
3, 5, 167
List the prime factors of 6809.
11, 619
What are the prime factors of 4418?
2, 47
What are the prime factors of 170?
2, 5, 17
List the prime factors of 4091.
4091
List the prime factors of 2361.
3, 787
List the prime factors of 263.
263
What are the prime factors of 17980?
2, 5, 29, 31
What are the prime factors of 18682?
2, 9341
List the prime factors of 36843.
3, 12281
List the prime factors of 112653.
3, 12517
List the prime factors of 2288.
2, 11, 13
What are the prime factors of 7707?
3, 7, 367
List the prime factors of 418.
2, 11, 19
What are the prime factors of 86764?
2, 109, 199
What are the prime factors of 1519?
7, 31
List the prime factors of 51286.
2, 25643
List the prime factors of 5331.
3, 1777
What are the prime factors of 1323?
3, 7
What are the prime factors of 13976?
2, 1747
List the prime factors of 3198.
2, 3, 13, 41
What are the prime factors of 4896?
2, 3, 17
List the prime factors of 43569.
3, 47, 103
What are the prime factors of 5191?
29, 179
What are the prime factors of 10915?
5, 37, 59
List the prime factors of 790.
2, 5, 79
What are the prime factors of 31099?
137, 227
List the prime factors of 526.
2, 263
List the prime factors of 5808.
2, 3, 11
What are the prime factors of 25182?
2, 3, 1399
List the prime factors of 1081.
23, 47
What are the prime factors of 6172?
2, 1543
List the prime factors of 26529.
3, 37, 239
List the prime factors of 6968.
2, 13, 67
List the prime factors of 16937.
16937
List the prime factors of 1229.
1229
What are the prime factors of 62648?
2, 41, 191
List the prime factors of 24403.
23, 1061
What are the prime factors of 18956?
2, 7, 677
What are the prime factors of 7010?
2, 5, 701
What are the prime factors of 612?
2, 3, 17
What are the prime factors of 58001?
31, 1871
What are the prime factors of 1103?
1103
What are the prime factors of 1150?
2, 5, 23
What are the prime factors of 2710?
2, 5, 271
List the prime factors of 42074.
2, 109, 193
What are the prime factors of 3221?
3221
What are the prime factors of 32047?
73, 439
List the prime factors of 3824.
2, 239
What are the prime factors of 6509?
23, 283
List the prime factors of 2141.
2141
What are the prime factors of 267?
3, 89
List the prime factors of 6188.
2, 7, 13, 17
List the prime factors of 16673.
16673
What are the prime factors of 2631?
3, 877
List the prime factors of 1512.
2, 3, 7
What are the prime factors of 15475?
5, 619
List the prime factors of 5711.
5711
What are the prime factors of 18915?
3, 5, 13, 97
What are the prime factors of 3753?
3, 139
What are the prime factors of 74411?
74411
What are the prime factors of 138?
2, 3, 23
List the prime factors of 3147.
3, 1049
List the prime factors of 15373.
15373
List the prime factors of 9370.
2, 5, 937
What are the prime factors of 1014?
2, 3, 13
List the prime factors of 3748.
2, 937
List the prime factors of 38945.
5, 7789
List the prime factors of 30134.
2, 13, 19, 61
List the prime factors of 10734.
2, 3, 1789
What are the prime factors of 44997?
3, 53, 283
List the prime factors of 550.
2, 5, 11
List the prime factors of 14216.
2, 1777
What are the prime factors of 15072?
2, 3, 157
What are the prime factors of 3270?
2, 3, 5, 109
List the prime factors of 967.
967
What are the prime factors of 2277?
3, 11, 23
List the prime factors of 19120.
2, 5, 239
List the prime fac